0. Suppose -24*v = -19*v - g. Calculate the highest common divisor of v and s.
15
Let v(y) = -9*y - 4. Let p be v(-5). Suppose -7*f - 1541 - 251 = 0. Let z = 461 + f. What is the greatest common factor of z and p?
41
Let r(c) be the first derivative of -13/2*c**2 - 19 - 2/3*c**3 - 11*c. Let h be r(-5). What is the greatest common divisor of 20 and h?
4
Suppose 1640 - 392 = 3*f - 3*c, c = -5*f + 2080. What is the highest common factor of 352 and f?
32
Let z(r) = 2*r**3 + 28*r**2 + 8*r - 72. Let s be z(-12). Calculate the highest common factor of s and 3672.
408
Let u(j) = 11*j - 26 + 40*j**2 + 40 - 33*j**2. Let n be u(-8). Calculate the highest common divisor of 34 and n.
34
Let o = -109 + 112. Suppose -5*l + 692 = 4*n, -3*l - 2*n = -o*n - 405. What is the highest common factor of l and 16?
8
Suppose x = -4*x + 5*a, -3*a + 12 = 0. Suppose -3*y - 15 = -x*y. Suppose n - 127 = 4*z, 3*n + 0*z = 4*z + 397. Calculate the highest common divisor of n and y.
15
Let m(z) = z + 62. Suppose -2*w - 4*w = -36. Let n be m(w). Calculate the highest common divisor of 17 and n.
17
Let i(n) = n**3 - n + 1. Let f = 86 + -87. Let w be i(f). Let g be 21/2 + (-2)/4*w. Calculate the highest common factor of 80 and g.
10
Let j be ((-2)/2 + -133)/(27/(-54)). Let o = -247 + j. What is the highest common divisor of 49 and o?
7
Suppose -4 = 2*y - 4*y. Suppose 292 = -5*w + 352. Suppose 3*l = w, -61*p = -58*p + 5*l - 32. Calculate the highest common divisor of p and y.
2
Suppose 403*q - 422*q = -10621. What is the greatest common factor of q and 39?
13
Suppose -8*n = 22 + 10. Let g be (25/(-10) - n)*(-10)/(-3). Calculate the highest common divisor of 2 and g.
1
Suppose 2*z - 4*r = -906, -4*z = -3*r - 592 + 2384. Let s = -383 - z. What is the greatest common divisor of s and 93?
31
Let b(m) = m**3 + 14*m**2 + m + 23. Let c be b(-5). What is the highest common factor of c and 675?
27
Suppose -5*q + 2*r - 149 = -6*q, 3*q + 2*r = 467. Calculate the highest common divisor of q and 1.
1
Let i = -27 + -18. Let y = 27 - i. Calculate the greatest common divisor of 48 and y.
24
Let c(k) = -292*k + 1800. Let f be c(6). What is the greatest common factor of 232 and f?
8
Let i be -3 + 5 + -1 - (-7 - 5830). What is the highest common divisor of 28 and i?
14
Suppose 0 = 5*b - 5*w - 1255, 0 = -13*b + 9*b - 5*w + 1013. What is the highest common divisor of 16 and b?
4
Let f(n) = 3*n + 23. Let x be f(-6). Suppose 72 = x*g - 308. What is the highest common factor of g and 19?
19
Let m be (-3 + (2 - -4))*45. Suppose 5*f = p + 29, 52*p = 3*f + 57*p + 5. Calculate the highest common factor of f and m.
5
Let y(k) = 32*k**2 + 5*k - 7. Let a be y(1). Let m = 44 - a. Calculate the highest common divisor of 2 and m.
2
Let f(r) = -31*r**3 - 6*r**2 - 15*r - 10. Let c be f(-1). Calculate the highest common divisor of c and 1632.
6
Let z be ((60/(-9))/4)/((-7)/21). Let s = 7 - z. Suppose -a - 5*y + 38 = -40, 0 = 4*a - s*y - 356. What is the highest common divisor of a and 11?
11
Let i be (-29014)/(-9) + ((-244)/(-671) - 28/198). Calculate the highest common divisor of i and 104.
104
Let t(v) = 3*v**3. Let o be t(1). Let d(f) = -f**2 + 162*f - 1222. Let a be d(154). What is the greatest common factor of o and a?
1
Let j(f) = 14*f**3 - 3*f**2 + 3*f + 2. Let n be j(2). Suppose 46 = 14*d - 122. What is the highest common factor of d and n?
12
Let t be 26/7 - 12/(-42). Suppose 535 = -4*p + h, -25 = -t*h + 9*h. Let a = p + 212. Calculate the greatest common factor of a and 11.
11
Let i be (3/(-2) + 1)/((693/(-8736))/33). What is the greatest common divisor of i and 7?
1
Let r(y) = 7*y**3 - 5*y**2 + 2*y - 2. Let h be r(2). Suppose 0 = 3*w - 5*k - 1913, 11*w - 8*w = k + 1933. Calculate the greatest common factor of w and h.
38
Suppose -2*a = 3*m - 11, 94 = 4*a - 5*m - 5. Calculate the highest common divisor of 3728 and a.
16
Let x be (-679 + 2)*(-9 + 3 + 5). Let v = x - 663. What is the highest common factor of v and 1512?
14
Let w = 155 - 147. Let k be (4 - 1)*(5 + 8 + -6). Let v be (-12)/k + 32/7. What is the greatest common factor of v and w?
4
Suppose 8*n - 30*n - 6*n = -252. Let x(p) = -39*p - 3. Let q be x(-2). What is the greatest common factor of n and q?
3
Let t be -25 + 18 - (-2245 - (-2 - -2)). What is the highest common divisor of 4 and t?
2
Let q = 266 + -181. Suppose 3*d - 4*l = q, -4*d - l + 7 = -100. Let x = 40 - d. What is the greatest common factor of 104 and x?
13
Let s = -16 - -21. Suppose u + 15 = 3*g + 78, 170 = 2*u + s*g. Let r = u - -135. Calculate the highest common divisor of 84 and r.
42
Let r be 45/10*(260/3)/5. Let g = -81 + 133. What is the greatest common factor of r and g?
26
Let p(z) = -24*z**2 - 9*z + 15. Let d be p(4). Let x be d/20*192/(-9). Calculate the highest common divisor of 27 and x.
27
Let r = -166 - -319. Suppose -270*n = -246*n - 1560. Let a = r - n. Calculate the highest common divisor of a and 132.
44
Let w be (-19)/((-228)/(-80))*(-11712)/256. Let t(h) = -3*h**3 - 5*h**2 - 6. Let a be t(-5). What is the greatest common factor of w and a?
61
Let s = -86 + 89. Suppose -4*v + 7*f = 12*f - 28, v - s*f = -10. Suppose 0 = v*l - 76 + 44. Calculate the highest common factor of l and 24.
8
Let s = 781 - 727. Suppose 2*o = -10, -2*i + 5*o - o = -8. Let p(f) = -f**2 - 8*f - 6. Let v be p(i). Calculate the highest common factor of v and s.
6
Suppose -12*m = -9*m + 2*b - 12812, 4*b = 4*m - 17096. Suppose -m = -28*p + 7152. What is the greatest common factor of 24 and p?
24
Let c = -6584 + 6884. What is the highest common factor of c and 330?
30
Let d = 503 - 501. Suppose d*n - 2*c - 835 = c, -425 = -n + 4*c. Calculate the greatest common divisor of 14 and n.
7
Let i = 4684 + -4681. What is the highest common divisor of 219 and i?
3
Suppose o = -5*s + 134, -4*s - 728 = -4*o - o. Let q be -21*(10/4 + (-3420)/504). Calculate the highest common divisor of q and o.
18
Let v(h) = -h**3 + 58*h**2 + 22*h - 1000. Let x be v(58). What is the greatest common divisor of x and 5888?
92
Suppose 0 = 16*q - 36*q + 17320. Suppose 11*j - q = -74. What is the greatest common factor of 18 and j?
18
Let s be (-2)/(-19) + ((-293094)/(-361) - -4). What is the greatest common factor of s and 204?
204
Let i = 3727 - 1123. Calculate the highest common divisor of i and 56.
28
Let n be (-12)/(26/(-24) - -1). Suppose 197*p + 133 = 216*p. Suppose 6*s + n = p*s. What is the highest common divisor of 16 and s?
16
Suppose -2*y = 5*k - 5, -6 = -2*y + 5*k + 9. Suppose 22 = -y*d + 82. Suppose 11*w + 19*w = -4 + 124. Calculate the highest common divisor of w and d.
4
Let s(g) = -17*g + 582. Let k be s(26). What is the highest common divisor of k and 320?
20
Let w(v) be the first derivative of -v**4/2 - 13*v**3/3 - 43*v**2/2 - 9*v + 48. Let a be w(-7). Calculate the greatest common divisor of a and 31.
31
Let u(c) = 5821*c - 664. Let j be u(2). Calculate the greatest common divisor of 22 and j.
22
Let h = 2731 + -2768. Suppose 0 = -4*g - 8, 3*m + 3*g + 220 = -2*g. Let a = h - m. Calculate the greatest common divisor of a and 363.
33
Let x be (-40)/(-180) + (-3)/(27/(-3310)). Let r = x + -137. What is the greatest common divisor of 21 and r?
21
Suppose 62 = -f + 206. Suppose 0 = -4*o + 468 - f. Let s(z) = z**3 - 13*z**2 + 4*z + 2. Let a be s(13). What is the greatest common factor of a and o?
27
Let i(f) = -f**3 + 30*f**2 - 153*f - 6. Let r be i(23). What is the highest common divisor of r and 1691?
89
Let p(w) = 15*w - 758. Let a be p(54). Calculate the highest common divisor of a and 4407.
13
Let q(w) = w**2 - 12*w + 35. Let u be q(6). Let z be u/3 - (-250)/75. Calculate the highest common divisor of z and 16.
1
Let l be (-363)/(-18) + (7/(-6) - -1). Let z be (l/6 + -2)*9/6. Let w be ((-1)/z)/((-1)/66). What is the highest common divisor of w and 198?
33
Suppose -721 - 427 = 2*q. Let l be ((-4)/(-2))/((-7)/q). What is the greatest common divisor of 82 and l?
82
Let g(z) = -2*z + 18. Let n be g(8). Let c be (-19 + (0 - n - -3))/(-2). Suppose -q + c = -2. What is the greatest common divisor of q and 22?
11
Suppose 0 = -2*p + p + 16. Suppose 0 = -72*l + 77*l - 3095. Suppose l + 789 = 8*n. Calculate the greatest common divisor of n and p.
16
Let h(g) = -2*g**2 - 15*g - 10. Let w be h(8). Let y be w/(-9) + 28/21. 